7 prime?
True
Is 37781 a composite number?
False
Is 242951 a composite number?
True
Is 25819 prime?
True
Is 5623 prime?
True
Is 55589 prime?
True
Is 9871 a prime number?
True
Is 38507 prime?
False
Is 34838 composite?
True
Is 3592893 composite?
True
Is 56461 prime?
False
Is 309494 prime?
False
Is 22531 prime?
True
Is 4319 composite?
True
Is 3240911 a prime number?
True
Is 726517 a composite number?
True
Is 619591 prime?
False
Is 23419 a prime number?
False
Is 7349 a prime number?
True
Is 551443 prime?
True
Is 56641 a composite number?
True
Is 474457 a prime number?
False
Is 20143 a prime number?
True
Is 309503 prime?
True
Is 21005 composite?
True
Is 1441 a prime number?
False
Is 32473 composite?
True
Is 160187 a prime number?
False
Is 4279 a composite number?
True
Is 94379 composite?
False
Is 403853 a prime number?
False
Is 20143 a composite number?
False
Is 293563 prime?
False
Is 98899 composite?
False
Is 9327 a prime number?
False
Is 11113 prime?
True
Is 771269 a prime number?
True
Is 10061 prime?
True
Is 10267 a composite number?
False
Is 6247 prime?
True
Is 126437 prime?
False
Is 2521 a prime number?
True
Is 8795 prime?
False
Is 6245 a prime number?
False
Is 12439 composite?
True
Is 111 composite?
True
Is 47999 a composite number?
True
Is 214597 a prime number?
False
Is 3163 a composite number?
False
Is 66455 a composite number?
True
Is 1399 a prime number?
True
Is 3153 a composite number?
True
Is 5207 prime?
False
Is 14021 composite?
True
Is 11443 prime?
True
Is 1303145 a prime number?
False
Is 2039 composite?
False
Is 69637 composite?
True
Is 91003 a prime number?
False
Is 769 prime?
True
Is 517 a composite number?
True
Is 1715609 prime?
False
Is 6193 a composite number?
True
Is 153191 composite?
False
Is 19181 prime?
True
Is 52527 a prime number?
False
Is 98317 a prime number?
True
Is 6943 a prime number?
False
Is 73751 prime?
True
Is 13829 a prime number?
True
Is 19571 a composite number?
False
Is 1788431 prime?
False
Is 4428759 prime?
False
Is 111253 composite?
False
Is 15529 prime?
False
Is 37487 a prime number?
False
Is 377 prime?
False
Is 3109781 prime?
True
Is 268003 a prime number?
True
Is 303997 prime?
True
Is 38954 composite?
True
Is 171023 prime?
True
Is 352523 composite?
False
Is 60739 a prime number?
False
Is 7829 prime?
True
Is 1887727 prime?
True
Is 55043 a composite number?
True
Is 3065077 composite?
False
Is 43843 prime?
False
Is 54903 prime?
False
Is 526181 a composite number?
True
Is 2539 a prime number?
True
Is 79381 composite?
True
Is 16349 composite?
False
Is 81509 prime?
True
Is 300241 a prime number?
False
Is 4289 prime?
True
Is 141041 a composite number?
False
Is 9865 prime?
False
Is 98061 prime?
False
Is 133793 composite?
True
Is 977719 a composite number?
False
Is 90149 composite?
False
Is 5089 a prime number?
False
Is 6995 prime?
False
Is 123857 a composite number?
True
Is 1678951 prime?
True
Is 787594 a prime number?
False
Is 690037 composite?
False
Is 737 a composite number?
True
Is 789793 a prime number?
True
Is 4645 a prime number?
False
Is 6243 a composite number?
True
Is 33038 a prime number?
False
Is 211151 a composite number?
False
Is 232793 composite?
True
Is 9689 a composite number?
False
Is 11953 a prime number?
True
Is 2884229 prime?
True
Is 11181 a composite number?
True
Is 396371 composite?
True
Is 3511 prime?
True
Is 88163 a prime number?
False
Is 56369 prime?
True
Is 24513 composite?
True
Is 1801 prime?
True
Is 2147 a prime number?
False
Is 1973 composite?
False
Is 58657 composite?
False
Is 6079 composite?
False
Is 10831 a composite number?
False
Is 1081 a composite number?
True
Is 3044401 a composite number?
False
Is 203233 a composite number?
False
Is 13441 a composite number?
False
Is 853889 a prime number?
True
Is 38219 a prime number?
True
Is 16703 composite?
False
Is 75931 a prime number?
True
Is 41069 a composite number?
True
Is 31847 a prime number?
True
Is 2909201 prime?
False
Is 7867 composite?
False
Is 389783 a composite number?
False
Is 1043961 prime?
False
Is 97 a composite number?
False
Is 17635 composite?
True
Is 12979 composite?
False
Is 384143 a composite number?
False
Is 34123 composite?
False
Is 825863 a composite number?
True
Is 123031 a prime number?
True
Is 74701 prime?
False
Is 137699 a prime number?
True
Is 236947 composite?
False
Is 14843 a composite number?
False
Is 291419 prime?
True
Is 1511 composite?
False
Is 545161 a prime number?
True
Is 14173 prime?
True
Is 68863 prime?
True
Is 183329 composite?
False
Is 7303 composite?
True
Is 56051 a prime number?
False
Is 176005 prime?
False
Is 6761387 a prime number?
True
Is 3829 prime?
False
Is 114613 prime?
True
Is 539943 a prime number?
False
Is 56249 composite?
False
Is 616687 composite?
True
Is 4955 a composite number?
True
Is 1425083 composite?
True
Is 120507 prime?
False
Is 880427 a composite number?
False
Is 997057 a composite number?
False
Is 13261 prime?
False
Is 14971 a prime number?
False
Is 1411 a prime number?
False
Is 24607 a composite number?
True
Is 1244141 a prime number?
True
Is 17665 a composite number?
True
Is 407 a composite number?
True
Is 71087 composite?
True
Is 9029 prime?
True
Is 500567 composite?
False
Is 2051 prime?
False
Is 131671 composite?
False
Is 36145 a prime number?
False
Is 1396697 prime?
True
Is 79757 prime?
True
Is 195967 composite?
False
Is 562459 composite?
False
Is 20423 composite?
True
Is 619639 composite?
True
Is 2711977 composite?
False
Is 24502 a composite number?
True
Is 6931 a prime number?
False
Is 971341 composite?
True
Is 190387 a composite number?
False
Is 12679 composite?
True
Is 38219 a composite number?
False
Is 23957 composite?
False
Is 43385 composite?
True
Is 1282711 prime?
False
Is 1331149 a prime number?
False
Is 90323 composite?
True
Is 29031 prime?
False
Is 78011 composite?
True
Is 6977 a prime number?
True
Is 143645 composite?
True
Is 26587 prime?
False
Is 2565807 composite?
True
Is 1402321 composite?
True
Is 44909 composite?
False
Is 1137161 a prime number?
True
Is 54199 composite?
True
Is 38723 a composite number?
False
Is 534167 prime?
True
Is 1951793 prime?
True
Is 27149 prime?
False
Is 31591 a prime number?
False
Is 46463 a prime number?
False
Is 629 a prime number?
False
Is 5501 composite?
False
Is 182467 prime?
True
Is 76897 prime?
False
Is 2839 a composite number?
True
Is 94123 prime?
False
Is 53299 prime?
True
Is 240797 composite?
False
Is 134699 composite?
False
Is 674113 composite?
True
Is 2550167 composite?
False
Is 5141 prime?
False
Is 57221 prime?
True
Is 7615 prime?
False
Is 5509 a prime number?
False
Is 2453 a composite number?
True
Is 19741 composite?
True
Is 48305 a prime number?
False
Is 515 composite?
True
Is 5944117 composite?
False
Is 25433 a prime number?
False
Is 36959 a composite number?
True
Is 778 a prime number?
False
Is 175621 a composite number?
False
Is 20561 prime?
False
Is 14381 a composite number?
True
Is 1990733 a composite number?
True
Is 49853 prime?
True
Is 391579 a composite number?
False
Is 8161 composite?
False
Is 1865821 a composite number?
False
Is 281461 composite?
True
Is 2335 a composite number?
True
Is 237001 a prime number?
False
Is 3683 composite?
True
Is 118394 a composite number?
True
Is 259949 composite?
False
Is 315213 composite?
True
Is 54559 composite?
False
Is 61823 a prime number?
False
Is 5398 a composite number?
True
Is 6159 a prime number?
False
Is 5147 prime?
True
Is 98453 a composite number?
False
Is 10121 composite?
True
Is 156887 a prime number?
True
Is 8005 composite?
True
Is 9217 a composite number?
True
Is 10057 a composite number?
True
Is 36151 composite?
False
Is 1802161 composite?
True
Is 428477 a prime number?
False
Is 3457 a prime number?
True
Is 389609 a composite number?
True
Is 4105 composite?
True
Is 387223 prime?
False
Is 455899 prime?
True
Is 31457 prime?
False
Is 19715 a prime number?
False
Is 166033 a composite number?
True
Is 3433 prime?
True
Is 6511 prime?
False
Is 180626 prime?
False
Is 911 a composite number?
False
Is 86651 a prime number?
False
Is 282845 composite?
True
Is 3646 composite?
True
Is 21467 a prime number?
True
Is 9589 a composite number?
True
Is 12343 prime?
True
Is 986239 prime?
True
Is 25927 a prime number?
False
Is 251561 a prime number?
True
Is 3691 a composit